
False
Is 3355004813 prime?
True
Is 13361695667 prime?
True
Is 1769844953 a prime number?
False
Is 2192293561 a prime number?
False
Is 22934237 a prime number?
True
Is 79508971261 prime?
True
Is 59288470621 prime?
True
Is 10902399587 a composite number?
False
Is 1880543321 prime?
False
Is 911307301 a prime number?
True
Is 7725698749 a prime number?
False
Is 177303157 a prime number?
False
Is 7255903103 composite?
True
Is 2310966619 composite?
True
Is 6698914469 a prime number?
False
Is 7897885117 a composite number?
False
Is 3404107361 a prime number?
True
Is 1665457667 a prime number?
True
Is 9054516963 composite?
True
Is 6586311461 a composite number?
True
Is 9193518713 composite?
True
Is 5312880211 a composite number?
False
Is 147189169 a composite number?
True
Is 34309254653 prime?
True
Is 640582099 prime?
False
Is 838545041 a composite number?
False
Is 48499220947 a composite number?
False
Is 31028957797 a composite number?
True
Is 28864853 a composite number?
False
Is 1933386391 composite?
True
Is 7928130541 prime?
False
Is 95750802221 a prime number?
False
Is 115332071233 composite?
False
Is 1617624023 a composite number?
False
Is 37164691237 a composite number?
False
Is 1322351651 a prime number?
False
Is 42755677 a prime number?
False
Is 90295901161 a prime number?
True
Is 357856342973 a composite number?
True
Is 4792648127 prime?
True
Is 2736556517 prime?
True
Is 239434526 prime?
False
Is 1459061003 a prime number?
True
Is 39562053865 a prime number?
False
Is 43058803 composite?
True
Is 19461043319 a prime number?
True
Is 25012294291 a composite number?
False
Is 1672490042 a composite number?
True
Is 406711579 composite?
False
Is 1110789413 a prime number?
True
Is 4519446233 composite?
True
Is 18573342583 a composite number?
True
Is 2215408333 prime?
True
Is 575085821 a composite number?
False
Is 29230802323 a composite number?
False
Is 29051782577 a prime number?
False
Is 2727937609 a composite number?
True
Is 108227476199 a prime number?
False
Is 39688931251 composite?
False
Is 20366713 a prime number?
False
Is 116203486279 prime?
False
Is 5809824393 composite?
True
Is 6539989009 a composite number?
True
Is 2889747727 composite?
True
Is 33544606531 composite?
True
Is 682455331 prime?
False
Is 57801070078 a composite number?
True
Is 58569373 a prime number?
True
Is 5382913339 a composite number?
False
Is 5529678107 a composite number?
False
Is 82953111563 prime?
False
Is 25005218401 prime?
False
Is 9273234043 a composite number?
False
Is 15768807121 a prime number?
False
Is 751177643 prime?
True
Is 87919363001 a prime number?
True
Is 428898391 prime?
True
Is 1011604351 composite?
False
Is 3419162557 prime?
True
Is 101581607 composite?
False
Is 168872193353 a prime number?
True
Is 1632139283 a composite number?
False
Is 460817711 prime?
False
Is 3098839531 a prime number?
False
Is 1203762407 a composite number?
False
Is 51846009851 prime?
True
Is 27415992301 composite?
False
Is 29369331539 a composite number?
True
Is 16917741853 a composite number?
True
Is 776475631 composite?
True
Is 1297991789 a composite number?
True
Is 10205876347 prime?
False
Is 1062380713 composite?
False
Is 40379387263 composite?
False
Is 85932809149 a prime number?
False
Is 1220199961 a composite number?
True
Is 2654450713 a composite number?
False
Is 205096986929 a composite number?
False
Is 494168667 a composite number?
True
Is 3735759626 a composite number?
True
Is 10891675591 prime?
True
Is 702540163 a prime number?
False
Is 18341655737 composite?
True
Is 869088673 prime?
True
Is 25586453699 a composite number?
True
Is 63953692873 a composite number?
True
Is 55671253174 a prime number?
False
Is 4289631061 prime?
True
Is 9343756259 a composite number?
False
Is 104547701 prime?
False
Is 5654396483 prime?
True
Is 144943958437 a prime number?
True
Is 58749969727 prime?
False
Is 2187076327 a composite number?
True
Is 3426371059 a composite number?
False
Is 17841610477 a composite number?
False
Is 2575514573 a prime number?
True
Is 444055879 composite?
False
Is 11929669 composite?
True
Is 793177181 a prime number?
True
Is 41572743733 a prime number?
False
Is 11657568773 a composite number?
True
Is 6069353767 prime?
False
Is 18219829213 prime?
True
Is 8926331087 composite?
False
Is 1704074081 a composite number?
False
Is 9376592983 composite?
True
Is 5008228873 a composite number?
False
Is 14880420167 a prime number?
True
Is 336541351 a prime number?
False
Is 15240730891 a prime number?
True
Is 14640965993 prime?
True
Is 2032311187 a prime number?
False
Is 745915897 prime?
False
Is 10177855133 prime?
False
Is 18254694343 prime?
False
Is 22642887779 a prime number?
True
Is 261178354267 a composite number?
True
Is 32488278755 a prime number?
False
Is 1951925117 prime?
True
Is 327101893 prime?
False
Is 1964481511 a composite number?
True
Is 1322417011 a prime number?
False
Is 23975123033 a composite number?
True
Is 17644747133 a composite number?
True
Is 3763046579 composite?
True
Is 843669733 prime?
False
Is 3944682197 prime?
True
Is 1127076089 prime?
False
Is 3548554599 a composite number?
True
Is 1074322477 a composite number?
False
Is 16288051733 prime?
True
Is 19561411541 a prime number?
False
Is 7091397701 a prime number?
True
Is 50156137151 a prime number?
True
Is 13017464183 composite?
False
Is 18411815621 a composite number?
True
Is 10090987219 prime?
True
Is 100752265415 prime?
False
Is 70591045397 a prime number?
True
Is 43352811989 composite?
False
Is 194539099 a prime number?
True
Is 73301760211 composite?
False
Is 49109114983 prime?
True
Is 132796229 composite?
True
Is 12770715929 composite?
False
Is 1087434109 composite?
False
Is 735380251 prime?
True
Is 14092641263 a prime number?
False
Is 15040306327 composite?
True
Is 146338247387 a composite number?
False
Is 1194018873 a composite number?
True
Is 64707377249 prime?
False
Is 3553799057 composite?
False
Is 27069428887 a composite number?
False
Is 351086887 a prime number?
False
Is 5655061423 a prime number?
False
Is 621397099 composite?
True
Is 19984310069 a composite number?
False
Is 51432179 composite?
True
Is 265061887 prime?
True
Is 978112407 composite?
True
Is 43201369501 prime?
True
Is 25560139343 prime?
False
Is 816541259 a composite number?
True
Is 24047397151 a prime number?
True
Is 10817765509 a composite number?
False
Is 9802564483 prime?
False
Is 8845176383 composite?
False
Is 11851344353 a prime number?
False
Is 399728081 a prime number?
True
Is 5209347719 composite?
False
Is 7274611369 composite?
False
Is 595604437 prime?
True
Is 1070010283 composite?
False
Is 12913123331 a composite number?
False
Is 585284491 prime?
False
Is 7685664479 a prime number?
True
Is 1006328143 a composite number?
True
Is 331908481 a prime number?
True
Is 21073982977 composite?
True
Is 36208005073 composite?
False
Is 54881669965 prime?
False
Is 14633953559 a composite number?
True
Is 18938658467 composite?
True
Is 59721488257 a prime number?
False
Is 482405659 prime?
True
Is 10438688941 a composite number?
False
Is 2675125627 prime?
False
Is 5653650157 prime?
True
Is 1452780647 prime?
False
Is 2254128007 a prime number?
False
Is 5295092587 a composite number?
False
Is 3551781543 a prime number?
False
Is 11719780031 a prime number?
True
Is 1858435759 a prime number?
True
Is 4657282207 a composite number?
False
Is 7585494443 prime?
False
Is 4268712131 composite?
False
Is 132714923291 composite?
False
Is 2429362471 a prime number?
True
Is 126354559 a prime number?
False
Is 336815839 a prime number?
True
Is 2011293091 a prime number?
False
Is 25584644885 a composite number?
True
Is 12915140279 composite?
False
Is 885905849 composite?
False
Is 15123442603 prime?
True
Is 11840180563 a composite number?
False
Is 3196041223 a prime number?
True
Is 111465139 a prime number?
True
Is 6891492823 a composite number?
False
Is 48692250011 a prime number?
True
Is 3710896373 a prime number?
False
Is 42751865171 a prime number?
True
Is 4325297837 composite?
True
Is 192574923559 a prime number?
True
Is 3624488381 composite?
False
Is 3298202087 composite?
False
Is 20333545 a prime number?
False
Is 1888548479 a composite number?
True
Is 472689851 a prime number?
True
Is 878055967 composite?
True
Is 3126301313 prime?
True
Is